
Let p(t) = t**3 + 4*t**2 - 4. Let g = 95 + -89. Suppose 9 + 9 = -g*i. Determine p(i).
5
Let z(n) = -n - 14*n**2 - 21 + 2*n**3 - 3*n**3 + 3. Calculate z(-14).
-4
Let o(z) be the second derivative of z**6/360 + z**5/20 + z**4/8 + 5*z**3/6 + 14*z. Let d(b) be the second derivative of o(b). Calculate d(-4).
-5
Suppose -49 + 223 + 131 = 61*t. Let z(o) be the third derivative of -o**6/120 + o**5/10 - 7*o**4/24 + 2*o**3/3 + o**2. Give z(t).
-6
Let w = -3 - -4. Suppose -2*c = 5*f + 10 - 4, -4*c + 5*f + 18 = 0. Let t(s) = -w - 23*s**2 + c*s + 47*s**2 - 18*s**2. What is t(1)?
7
Suppose i + 4*w - 39 = -16, 4 = -2*i + 2*w. Let s(m) = 3*m - 13. What is s(i)?
-4
Let v(d) = 5*d. Let h(k) = k**3 - k**2 - 3*k + 4. Let y be h(0). Give v(y).
20
Let m(k) be the third derivative of k**5/30 + 7*k**4/12 - k**3/6 + 5*k**2. Let d be m(-7). Let l be 2 + (d - 3) - 5. Let p(i) = -i**2 - 6*i + 9. Determine p(l).
2
Suppose -12*w + 9*w = -6. Let k(r) = r**3 + 4 - r**w + r + 3 - 2*r. What is k(0)?
7
Let d = 1 + 2. Let w(g) = -6*g**2 + 2*g - g + d*g**2. Suppose 9*a + 57 = 39. Determine w(a).
-14
Let i(v) = 2*v + 2*v - 9*v**2 + 6 + 8*v**2 - 7. Give i(5).
-6
Let a(p) be the second derivative of -p**5/12 - p**4/8 - 17*p**3/6 + 24*p. Let l(r) be the second derivative of a(r). Determine l(-2).
17
Let q(z) = -z**2 + 9. Let w = 1583 - 1587. Give q(w).
-7
Let c(h) = h**2 - 2*h + 3. Let a(r) = -6*r**2 + 2*r - 2. Let d(z) = a(z) + c(z). What is d(-1)?
-4
Let y(d) = -d**3 - 6*d**2 - 5*d - 6. Let b(a) = -a**3 - 6*a**2 - 5*a - 5. Let q(x) = -5*b(x) + 4*y(x). Let k = 6 + -15. Let o = 4 + k. What is q(o)?
1
Let l(v) be the second derivative of v**4/12 - 4*v**3/3 + 5*v**2 + 6*v + 36. What is l(5)?
-5
Let f(c) = 4*c + 1. Let x(a) be the first derivative of -a**2/2 + 6*a - 3. Let z be x(2). Suppose -4*g - 4*n - 3 = -7, z*n - 20 = 4*g. Give f(g).
-7
Suppose 73 - 25 = -8*c. Suppose 2*d - 15 = -d. Let q(x) = -2*x + 2 - d - 6. Give q(c).
3
Let a = 90 + -66. Let c be 7/(140/a)*10/4. Let r(q) be the second derivative of -q**5/20 + q**4/6 + q**3/3 - 2*q**2 - q. Determine r(c).
-7
Suppose -4*q = 3*z - 11, 5*z - 13 = -2*q + 2*z. Let m be 16/(-4) - -2 - (1 - q). Let p(b) = b**2 + b + 1. Determine p(m).
13
Suppose -37 = -5*d - 7. Let r(j) = 3*j**3 - 6*j**2 + 4*j - 3. Let q(c) = c**3 + 2*c + 1. Let l(a) = 2*q(a) - r(a). Calculate l(d).
5
Let s(v) = v - 2. Suppose 160 = 6*j - j. Suppose t + 8 = -u + 5*t, 4*t - j = -5*u. Calculate s(u).
2
Let y(i) = -2*i**2 + 4*i - 9. Let j(c) = -3*c**2 + 9*c - 20. Let w(k) = 4*j(k) - 9*y(k). Give w(1).
7
Let s(r) = 8*r + 13. Let y(c) = -15*c - 24. Let m(a) = -5*s(a) - 3*y(a). Let v(f) = 3*f + 4. Let x(l) = 5*m(l) - 8*v(l). Give x(-6).
-3
Let d(z) = -2 - 9*z + 4 - 68*z**2 - 8 + 69*z**2 - 2. Determine d(9).
-8
Let f be (-80)/10*5/(-10). Let k(q) = 2*q - 5. What is k(f)?
3
Let k = -2 - -5. Let u(p) = 23*p - 2*p**2 - 24*p + p**k + 4 - 3*p**2 + 0. What is u(5)?
-1
Let g(q) = -q. Let o be g(6). Let t(p) = 37*p - 78*p + 48*p + p**2 - 2. Give t(o).
-8
Let u(r) be the third derivative of -r**6/120 - 2*r**5/15 - r**3/6 - 7*r**2 + 35. Determine u(-8).
-1
Let g be (-39)/(-9) - 5/15. Let b be g/16 + (-22)/(-8). Suppose -2*i = -i + b. Let x(y) = -y**3 - 5*y**2 - 4*y - 2. Determine x(i).
-8
Let t(a) = -2*a**2 + 2*a**2 - a - 2*a**3 + 2*a**2. Let h = 862 - 861. Calculate t(h).
-1
Let f(g) = 2*g**3 + 6*g**2 - 3. Let k(t) = -t**3 - t + 1. Let c(x) = -f(x) - 3*k(x). Give c(2).
-10
Let x(k) = 3*k**2 + 7 - 8*k - 2*k**2 + 3 - 1. Suppose 5*i = 5, 2*l - 2*i - 2*i = 72. Suppose -l = j - 45. Determine x(j).
2
Let z(o) = -o**3 + 8*o**2 - 4*o - 21. Let l be z(7). Suppose -4*h + 20 = 4*p, -1 = -l*p - p + 3*h. Let g(v) = v - 3. Determine g(p).
1
Let v(h) = -7*h**2 + 6 + 6*h - 3*h**2 - h**3 + 3*h + 4*h. Determine v(-11).
-16
Let w = 20 - 18. Let i(v) = 3*v**2 - 2*v + 5*v**w - 6*v**2 - v**2. Let k = -3 + 6. Give i(k).
3
Let l(k) = 3 - k**3 - 3*k**2 + k**2 + 2*k**2. Suppose 2*w + 12 = -2*q, -q + 5*q + 12 = -2*w. Let h be 8/24 - (-2)/w. Give l(h).
3
Let n(o) = -o - 17. Let h(f) = 6*f**3 + 2*f**2 - f. Let t be h(1). Calculate n(t).
-24
Suppose 0 = -3*q - 3*y - 24, 3 = -q + 2*y - 2. Let o = 9 + q. Let n(a) be the third derivative of a**6/60 - a**5/60 - a**4/12 - a**3/6 + 16*a**2. What is n(o)?
7
Let o(n) = -n**3 + 4*n**2 + 4*n + 5. Let d(x) = x**2 + 5*x + 9. Let a = -26 + 22. Let u be d(a). What is o(u)?
0
Let l(y) = 2*y**3 + 7*y**2 + 6*y + 5. Suppose 0*r - 1 = -a + 5*r, 4*a + 18 = -2*r. What is l(a)?
-35
Let m(g) = -1 + 62*g - 32*g - 31*g + 16. Give m(18).
-3
Suppose -g = 22 - 24. Let u be (-1)/(-2*(-2)/(-28)). Let t(i) = -u*i + 0*i + 3 - 2. Calculate t(g).
-13
Let g(f) = 10*f - 2*f**2 + 0*f**2 + 6*f + 27 - 37. Determine g(7).
4
Suppose 6*g + 8 = 4*g. Let b(c) = 9 - 4*c - 4 + 2*c**2 - 5*c**2 + 2*c**2. Determine b(g).
5
Let o(g) = -g + 9. Suppose -3 = 9*t - 11*t - 3*f, t - f - 4 = 0. Suppose -p - m + 3 = 0, -5 = -t*p - 4*m + 3. Calculate o(p).
5
Let y(g) = -g**3 + 5*g**2 + 6*g + 439 - 439. Let h = 170 - 164. Determine y(h).
0
Let n = -275 + 273. Let f(c) = c**3 + 4*c**2 + 4*c - 2. Calculate f(n).
-2
Let b(v) = v**3 + 10*v**2 - v - 7. Let m be b(-10). Let g(o) = 3*o - 3*o + 5*o + o - 5*o + 1. What is g(m)?
4
Let a(b) = -b**3 - 4*b**2 - 6*b - 3. Let n = 9 + -13. Give a(n).
21
Suppose -4*n = 6 + 2. Let f = 0 - n. Let l(c) = 3*c**2 - 9*c - 6. Let s(p) = 2*p**2 - 6*p - 5. Let a(q) = 3*l(q) - 4*s(q). Determine a(f).
0
Suppose -2*x - 2*r + 27 = 37, -5*x - 41 = -3*r. Let w(k) = 6*k + 5. Let g(t) = -13*t - 9. Let u(m) = 4*g(m) + 9*w(m). Determine u(x).
-5
Let u(n) = 6*n - 3. Let l be u(3). Suppose -c + 105 = 4*c. Let a = l - c. Let t(f) = -f**3 - 5*f**2 + 8*f + 2. Determine t(a).
-10
Let q(d) = d**3 - d - 1. Let n(f) be the first derivative of -3*f**4/4 + f**3/3 + f**2 + 8*f - 11. Let o(z) = -n(z) - 4*q(z). What is o(-3)?
8
Let y(u) = 6*u - 1. Let q(k) = k - 2. Let o(a) = 2*q(a) - y(a). Give o(-2).
5
Let q(m) be the third derivative of 5/6*m**3 + 0*m + 0 - 1/120*m**6 + 1/24*m**4 - 14*m**2 - 7/60*m**5. What is q(-7)?
-2
Let p(q) = q**2 - 2*q + 7. Let s(i) = 3*i**2 - 4*i + 19. Let l(m) = 5*p(m) - 2*s(m). Give l(-2).
-3
Let a(h) = -h**3 + 5*h**2 + 14*h + 5. Let i = -374 + 381. What is a(i)?
5
Let y = -210 + 217. Let k(c) = c - 9. What is k(y)?
-2
Let j(z) = -5*z**2 - 3. Let p(u) = 11*u**2 + 5. Let v(y) = -13*j(y) - 6*p(y). Let a(w) be the first derivative of v(w). Give a(-2).
4
Let l(m) = -2*m + 27. Let h be l(15). Let j be 8 + (0 - (-1 + 5)) + h. Let s(q) = 9*q**3 + q**2. Calculate s(j).
10
Suppose y + 4 = -4*f, 1 = -5*f - y - 3. Let t(p) = p**3 - 46. Calculate t(f).
-46
Let u(a) = 6*a**2 + 15*a + 50*a**2 - 55*a**2 + 23. Give u(-13).
-3
Let a(h) = 3*h - 28. Let w be a(13). Let q be (7/5 + -1)*5. Suppose 31 = -2*t - 5*c, -c = q*t - 0*t + w. Let k(b) = -b**2 - 3*b + 1. Calculate k(t).
1
Let n(l) = -l**3 + 9*l**2 - 14*l + 3. Let t(y) = -y**3 + 16*y**2 - 15*y + 7. Let k be t(15). Calculate n(k).
3
Let h(f) = f**3 - 16*f**2 - f + 15. Suppose 22*b = 14*b + 128. Calculate h(b).
-1
Let g be 6 + -5 + (3 + -4)*4. Let f be 0 - 1 - (-8)/2. Let y(w) = w**f + 6*w**2 + 4*w + 3*w**2 - 5*w**2. Give y(g).
-3
Let i be (-12)/84 + (-72)/(-14). Suppose i*j + 4 = 24. Let w(a) = -a**3 + 3*a**2 + 3*a + 4. Calculate w(j).
0
Suppose -8*z + 5*z + 11*z = 0. Let o(y) = y**3 - y**2 - 3*y + 4. Calculate o(z).
4
Let h(a) = a**2 + 6*a + 6. Let m(k) = 2*k**3 + 17*k**2 + 35*k + 25. Let o be m(-6). What is h(o)?
1
Let m(p) = -p**3 + 6*p**2 - 5*p - 1. Suppose -98 - 102 = -40*t. Determine m(t).
-1
Let q be -2*24/(-60)*50/8. Let w(h) = 5*h + 2. Determine w(q).
27
Let q(d) = -7*d**2 + d**2 - 2*d - 4*d**2 - 9 + 9*d**2. Determine q(-6).
-33
Let j(o) = 2*o. Let u be j(1). Suppose u*v = v + 29. Let y = v + -23. Let w(h) = h**3 - 6*h**2 + 2*h - 4. What is w(y)?
8
Let m(p) = -p**2 - 11*p - 8. Let v be m(-9). Let t(d) = 1 - d + 5 + v - 5. Determine t(0).
11
Let g(n) be the third derivative of -n**4/24 - n**3/6 - 4*n**2 - 31*n. Give g(-1).
0
Let u(s) = -4*s - 24. Suppose -4*t + 8*y - 68 = 12*y, t = y - 17. Determine u(t).
44
Let w(a) = a + 0 - 2 - 4. Suppose -20*y = -16*y - 124. Suppose 0*j = 2*r + j - 16, -2*j - y = -5*r. Give w(r).
1
Let g = -13 + 15. Let u(z) = 95*z + 9 - z**2 - 87*z + g*z**2. Give u(-6).
-3
Let c(t) be the second derivative of t**4/12 - t**3